{"id":17,"date":"2021-07-20T06:46:10","date_gmt":"2021-07-20T06:46:10","guid":{"rendered":"http:\/\/www.lamotoclassica.cat\/?page_id=17"},"modified":"2021-08-14T20:31:42","modified_gmt":"2021-08-14T20:31:42","slug":"inicio","status":"publish","type":"page","link":"https:\/\/www.lamotoclassica.cat\/","title":{"rendered":"Associaci\u00f3 La Moto Cl\u00e0ssica"},"content":{"rendered":"\n<p class=\"has-medium-font-size\">Benvinguts a La Moto Cl\u00e0ssica! Ens apassionen les motos, per aix\u00f2 les restaurem, cuidem i sempre que podem les traiem a passejar. A part d&#8217;aix\u00f2, al local de l&#8217;Associaci\u00f3 ens reunim habitualment per parlar de motos i temes d&#8217;actualitat entre amics.<\/p>\n","protected":false},"excerpt":{"rendered":"<p>Benvinguts a La Moto Cl\u00e0ssica! Ens apassionen les motos, per aix\u00f2 les restaurem, cuidem i sempre que podem les traiem a passejar. A part d&#8217;aix\u00f2, al local de l&#8217;Associaci\u00f3 ens reunim habitualment per parlar de motos i temes d&#8217;actualitat entre amics.<\/p>\n","protected":false},"author":1,"featured_media":179,"parent":0,"menu_order":0,"comment_status":"closed","ping_status":"closed","template":"","meta":[],"_links":{"self":[{"href":"https:\/\/www.lamotoclassica.cat\/index.php\/wp-json\/wp\/v2\/pages\/17"}],"collection":[{"href":"https:\/\/www.lamotoclassica.cat\/index.php\/wp-json\/wp\/v2\/pages"}],"about":[{"href":"https:\/\/www.lamotoclassica.cat\/index.php\/wp-json\/wp\/v2\/types\/page"}],"author":[{"embeddable":true,"href":"https:\/\/www.lamotoclassica.cat\/index.php\/wp-json\/wp\/v2\/users\/1"}],"replies":[{"embeddable":true,"href":"https:\/\/www.lamotoclassica.cat\/index.php\/wp-json\/wp\/v2\/comments?post=17"}],"version-history":[{"count":6,"href":"https:\/\/www.lamotoclassica.cat\/index.php\/wp-json\/wp\/v2\/pages\/17\/revisions"}],"predecessor-version":[{"id":68,"href":"https:\/\/www.lamotoclassica.cat\/index.php\/wp-json\/wp\/v2\/pages\/17\/revisions\/68"}],"wp:featuredmedia":[{"embeddable":true,"href":"https:\/\/www.lamotoclassica.cat\/index.php\/wp-json\/wp\/v2\/media\/179"}],"wp:attachment":[{"href":"https:\/\/www.lamotoclassica.cat\/index.php\/wp-json\/wp\/v2\/media?parent=17"}],"curies":[{"name":"wp","href":"https:\/\/api.w.org\/{rel}","templated":true}]}}

Associació La Moto Clàssica

<p class="has-medium-font-size">Benvinguts a La Moto Clàssica! Ens apassionen les motos, per això les restaurem, cuidem i sempre que podem les traiem a passejar. A part d&#8217;això, al local de l&#8217;Associació ens reunim habitualment per parlar de motos i temes d&#8217;actualitat entre amics.</p>

<p>Benvinguts a La Moto Clàssica! Ens apassionen les motos, per això les restaurem, cuidem i sempre que podem les traiem a passejar. A part d&#8217;això, al local de l&#8217;Associació ens reunim habitualment per parlar de motos i temes d&#8217;actualitat entre amics.</p>
